
5
Let o(l) = l**3 + 7*l**2 - 10*l. What are the prime factors of o(5)?
2, 5
Let x(v) = -v**2 - 8*v - 4. Let q be x(-5). Let l = q - 7. List the prime factors of l.
2
Let n = 2 - 5. Let k be (-2)/(((-4)/n)/(-4)). Suppose 4*g - k*g - 5*q = 1, -q = 1. List the prime factors of g.
2
Suppose 3*h = 3 - 21. Let x(b) = -b + 2. What are the prime factors of x(h)?
2
Let f = 20 - 8. What are the prime factors of f?
2, 3
Let x be 33 - (2/(-1))/(-2). Suppose 5*j + 5*n + 10 = 0, -4*n = j - 5*j + x. List the prime factors of j.
3
Let a be 3 + (-9)/3 + 2. Suppose 4*z - 5 = 2*z - 5*d, -4 = -a*z - 4*d. Let c = z + 8. List the prime factors of c.
2
Let z(j) = j**2 - 3*j + 1. Let v(f) = -f + 5. Let n be v(3). Let r be z(n). What are the prime factors of 30*(r/2 - -1)?
3, 5
Let b(t) = 3*t + 45. List the prime factors of b(15).
2, 3, 5
Let i be (-1)/(-1*1/(-7)). Let q be 1/(i/(-3) + -2). Suppose 5*z - 5*c - 30 = 0, -35 - 3 = -q*z - 2*c. What are the prime factors of z?
2, 5
Suppose 4*d = 5*p - 140, -3*p + 2*d + 106 = p. Let r = -13 + p. List the prime factors of r.
11
Suppose -13*r = -12*r - 150. What are the prime factors of r?
2, 3, 5
Let h = 59 - 14. Let i = -5 + 9. Suppose 4*a + i = 0, -5*a - h = -5*n - 0*a. What are the prime factors of n?
2
Let n(z) = 21*z + 1. Let c(x) = 5*x. Let g(l) = -9*c(l) + 2*n(l). What are the prime factors of g(-6)?
2, 5
Let s(a) = -2*a + a - 2 - 2. Let x be s(-8). Suppose 0 = -x*v + 7*v - 15. List the prime factors of v.
5
List the prime factors of (-58)/(-1) - 2 - 0/1.
2, 7
Let s(j) = 2*j**2 + 3*j + 28. What are the prime factors of s(9)?
7, 31
Let k be (-2)/(-3) + 223/3. Let f = k + -51. Suppose -n = n - f. What are the prime factors of n?
2, 3
Let u = -76 - -143. List the prime factors of u.
67
Let c(g) be the first derivative of g**4/4 - 2*g**3 + 5*g + 2. What are the prime factors of c(6)?
5
Let k(p) = 2*p**3 - 3*p**2 - 11*p + 6. List the prime factors of k(4).
2, 3, 7
Let g(x) = 10*x + 10. List the prime factors of g(11).
2, 3, 5
Suppose 0 = -3*p + 6*p - 6. Let b be (0 + 9/2)*2. Suppose 11 + b = p*f. List the prime factors of f.
2, 5
List the prime factors of (-248)/(-6) + 18/(-54).
41
Let a be 4*(-7)/2 - 1. List the prime factors of 2583/135 - (-2)/a.
19
Let p(d) = -d**3 + 9*d**2 + d + 2. Let y(j) = j**2 + 9. Let k be (-1)/(-2)*(-2 - -2). Let i be y(k). List the prime factors of p(i).
11
Suppose -6*h - 3 = -15. Let x = -7 - -13. Suppose z - 3*c = 11, -x*z + h*z = -4*c - 44. What are the prime factors of z?
11
Let m be 8/(-20) + (-81)/(-15). Suppose -5 = -0*h + m*h. Let y(f) = -7*f + 1. List the prime factors of y(h).
2
Let a(z) = 11 + 0 - z**3 - 1 - 11*z + 12*z**2. List the prime factors of a(11).
2, 5
List the prime factors of 72 + (12/4 - 6).
3, 23
Suppose 4*v - v = -9. Let s = 5 + v. Suppose -s*n + 6*n - 44 = 0. What are the prime factors of n?
11
Let o(p) = 5*p - 1. Let m be o(1). Let r = m - 2. What are the prime factors of r?
2
Let l be -2 - 15/(-3) - 1. List the prime factors of l/4*8 + -2.
2
Suppose -5*f = -0*f + 110. What are the prime factors of f*(-1)/4*2?
11
Let b be ((-8)/5)/4*-5. Suppose 4*u - 11 = u + a, -b*u + 19 = -3*a. Suppose -2 - 19 = -3*q - u*j, -5*j = -4*q + 28. List the prime factors of q.
7
Let o(k) = 23*k + 25. Let a(f) = 8*f + 8. Let i(y) = 8*a(y) - 3*o(y). Let r be i(-9). List the prime factors of r*(-2)/(-4) + 0.
17
Suppose 4*n - 1 - 7 = 0. Suppose 3 = n*q - 3. What are the prime factors of q?
3
Let w be (-1)/3 - 200/(-24). Let z be (-9)/12 + 38/w. List the prime factors of 6/3 + 1 + z.
7
Let s(i) be the second derivative of -5/6*i**3 + 1/12*i**4 + 0 + 2*i**2 - 2*i. List the prime factors of s(5).
2
Let a(b) be the first derivative of 3*b**2/2 - 2*b - 5. What are the prime factors of a(5)?
13
Let f be 1/(1 + -1 - -1). Let z(j) = -2*j**2 + 2*j - 3*j + 13*j**2. List the prime factors of z(f).
2, 5
Let o(b) = -b**2 - 7*b - 6. Suppose -4*w - 1 = -5*l - 0*l, -5*w + 2*l = 14. Let k be o(w). Suppose 0 = -2*h + k. What are the prime factors of h?
3
Let l be 4*(-2 + -1)*-1. Suppose -4*p - 2*u = 8, -31 - 1 = 4*p - 4*u. Let f = p + l. What are the prime factors of f?
2
Let p(l) = -l**2 - 3*l + 2. Let b be p(-3). Suppose b*f + 8 = 4*f. Suppose 6 = f*n - 2*n. List the prime factors of n.
3
Let p = -9 - -12. Suppose -81 = 3*a - p. Let m = -16 - a. List the prime factors of m.
2, 5
Let q(t) = 7*t**2 + 1. Let f be q(-1). Let j = -1 + f. List the prime factors of j.
7
Suppose -u + 4*u = 0. Suppose -2*h = -4*j + 66, -5*j + 3*h - 23 + 105 = u. List the prime factors of j.
17
Let d = 39 + -22. List the prime factors of d.
17
Suppose 0 = 4*l - 0*l + 12. List the prime factors of (2/(-4))/(l/48).
2
Let z = 46 - 15. What are the prime factors of z?
31
List the prime factors of (-3 - 51/(-12))*(11 - 3).
2, 5
Suppose -480 = -5*z + z - 3*b, 0 = -5*z - 5*b + 605. What are the prime factors of z?
3, 13
Let b(y) = -2*y + 1. Let k be b(-1). Suppose k*p = -2*j + 63, 5*j + 4 = 2*p + 171. List the prime factors of j.
3, 11
Let x = -31 + 61. Let q = x + -17. What are the prime factors of q?
13
Let y = -473 - -717. What are the prime factors of y?
2, 61
Suppose -4*b = -4*i + 696, 2*b + 5 = -3*b. List the prime factors of i.
173
Let a = -33 - -47. Suppose 0 = -4*g + 74 - a. Suppose -5*u + 30 = -g. What are the prime factors of u?
3
Suppose -3*p + 5 - 17 = 0. What are the prime factors of ((-483)/12)/7*p?
23
Let b(m) = m**3 - 4*m**2 + m + 2. Let k be b(4). List the prime factors of (k - 4)/((-2)/(-15)).
3, 5
Let q(u) = 2*u + 3. Let x be q(5). Let c be 1*(2 + (-12)/3). Let a = c + x. What are the prime factors of a?
11
Suppose -7*u + 352 = -187. List the prime factors of u.
7, 11
Let j(h) = -h**2. Let g(v) = -4*v**2 + 4*v - 1. Let b(i) = g(i) - 5*j(i). List the prime factors of b(3).
2, 5
Let u(c) be the second derivative of -c**8/6720 - c**7/630 + c**5/24 + c**4/6 - 2*c. Let v(j) be the third derivative of u(j). List the prime factors of v(-4).
5
Let p(q) = -4 + 0*q - 4*q + 5 + 2*q**2. Suppose -2*t = 3*t - 15. What are the prime factors of p(t)?
7
Let y be 4*((-140)/8)/(-5). Suppose 5*a + 0*m - 50 = -4*m, 0 = -a + 4*m - y. List the prime factors of a.
2, 3
Suppose 120 = -5*w + 6*w. List the prime factors of w.
2, 3, 5
Suppose -5*r + 1 - 17 = j, 4*j + 4*r = 0. List the prime factors of j.
2
Let x = 26 - 14. Let n = 21 - 3. Let p = n - x. List the prime factors of p.
2, 3
Let a = -2 - -2. Suppose a = -0*h - 4*h + 12. Suppose 8 = 5*n - h*n. What are the prime factors of n?
2
Suppose 2*n + 3*z + 14 = 0, 5*n - 4*z = -5 - 7. Let o be (-2 - n) + 2*-1. Let q = o - -3. List the prime factors of q.
3
Suppose 0 = 4*c - 2*c + 10. List the prime factors of 1*2 + (-80)/c.
2, 3
Let g = 50 - 5. Let r(b) = b + 2. Let o be r(-3). What are the prime factors of g/6 - o/(-2)?
7
List the prime factors of (-93)/2*4/(-3).
2, 31
Let s(t) = 12 + 2*t - 3*t + 5 - 3. What are the prime factors of s(-6)?
2, 5
Let s(f) = f**3 + f + 7. List the prime factors of s(0).
7
Suppose 4*d + 15 = 2*x + 1, -2*x + 2*d = -10. Suppose 8 = x*n - 2*n. List the prime factors of n.
2
Let d(b) = -b**3 + 5*b**2 + b + 4. Let m = -1 + 5. List the prime factors of d(m).
2, 3
Let p = -6 + 9. Suppose 8 = -2*c + p*c. List the prime factors of c.
2
Let i be 1 - 48/3*1. Let m be 3/(-15) - 813/i. Suppose -5*w + m = 9. What are the prime factors of w?
3
Suppose -4*b + 14 = 2*i, 4*i - 18 = -4*b - 6. List the prime factors of (i/1)/((-2)/28).
2, 7
Suppose -5*b - 80 = -10. List the prime factors of (-2)/4 + (-441)/b.
31
Let w(q) = q**3 + 2*q**2 - 3*q + 4. Let k be w(-3). Suppose -k*x + 56 = -0*x. What are the prime factors of x?
2, 7
Suppose -d + 10*f + 259 = 5*f, 3*f = -d + 299. What are the prime factors of d?
2, 71
Let i(w) = -w**3 - 8*w**2 - 9*w. Let v be i(-7). What are the prime factors of 2/v - (-963)/21?
2, 23
Let h = -378 - -679. What are the prime factors of h?
7, 43
Let t be 4/(1 - (-3)/(-9)). Let x = t + -3. Suppose 5*k + 2*d = 12, 0*d = 2*k + x*d - 7. What are the prime factors of k?
2
Suppose -3*t = t + y - 821, -2*t = 5*y - 397. What are the prime factors of t?
2, 103
Let m = -19 - -19. Suppose 2*l + 2*t - 34 = m, -t + 10 = 3*l - 41. What are the prime factors of l?
17
Suppose -6 = 6*f - 30. List the prime factors of f.
2
Let h(y) = 2*y**2 + 6*y + 1. Suppose k + 1 = -4. List t